
In base 13, what is 4 + -27a4a?
-27a46
In base 7, what is 235616 - 62?
235524
In base 3, what is -21121 + 2210?
-11211
In base 16, what is -173 - -65?
-10e
In base 5, what is 101010212 + -10?
101010202
In base 13, what is -815 - 6?
-81b
In base 8, what is -13 - 11544?
-11557
In base 5, what is 3 - 1013321?
-1013313
In base 3, what is 1011101 + 211?
1012012
In base 16, what is 3 + -6e080?
-6e07d
In base 8, what is 2162574 - 10?
2162564
In base 11, what is -105a - -1?
-1059
In base 16, what is -1e50e + -9?
-1e517
In base 4, what is -12 - -1303122300?
1303122222
In base 15, what is -2 + 1a8d?
1a8b
In base 6, what is 5004155 - 1?
5004154
In base 11, what is -28 + -2a007?
-2a034
In base 9, what is 26 + -21878?
-21852
In base 14, what is 106 - -37?
13d
In base 11, what is 96 + 3902?
3998
In base 14, what is -25db2 + -5?
-25db7
In base 12, what is 3b20a0 - 0?
3b20a0
In base 15, what is 5eac2 - -1?
5eac3
In base 10, what is 1577 - 9?
1568
In base 16, what is 10444 + -2?
10442
In base 10, what is 1120231 + -3?
1120228
In base 10, what is 160 - -238?
398
In base 9, what is 317072 - -3?
317075
In base 13, what is -9ccc + 3?
-9cc9
In base 7, what is -450530 + -164?
-451024
In base 6, what is 10 + -44104?
-44054
In base 11, what is -10 + 751?
741
In base 12, what is -a - -795bb?
795b1
In base 5, what is -1303 + -2011?
-3314
In base 8, what is -60 - -254442?
254362
In base 6, what is -410142 - 3?
-410145
In base 16, what is 4b - 367?
-31c
In base 7, what is -132 + 25?
-104
In base 13, what is -29 - 129?
-155
In base 6, what is 150 + -253?
-103
In base 7, what is -3242411 - 3?
-3242414
In base 3, what is -12 - 1020121022?
-1020121111
In base 10, what is -286764 + -12?
-286776
In base 5, what is -401 + 1002224?
1001323
In base 13, what is -87 - -37b?
2c4
In base 15, what is -5 - 892e9?
-892ee
In base 2, what is 100010 + -1100110101110?
-1100110001100
In base 13, what is 26cb + -9?
26c2
In base 11, what is -2 + -95686?
-95688
In base 16, what is 13f9e + -4?
13f9a
In base 2, what is -100 - 10011111?
-10100011
In base 5, what is 10 - 23220303?
-23220243
In base 4, what is -2000 + 311201?
303201
In base 10, what is 7 + -8199?
-8192
In base 15, what is -43bd + -2a?
-43e8
In base 2, what is 1 + 1001100010100?
1001100010101
In base 7, what is 44 + -4521?
-4444
In base 3, what is -101102 + 122102021?
122000212
In base 4, what is 11 - 321330?
-321313
In base 16, what is 3 + -72c13?
-72c10
In base 4, what is 332300 - 113?
332121
In base 15, what is 578 + 17?
590
In base 7, what is -3 - 134155?
-134161
In base 16, what is -6e - -48?
-26
In base 4, what is -1013 + 13303031?
13302012
In base 2, what is 110 - -11011011111101?
11011100000011
In base 14, what is 13 + -8c1?
-8ac
In base 5, what is 4023314 + -14?
4023300
In base 13, what is 320 + -168?
185
In base 15, what is -108a + 10?
-107a
In base 2, what is -1010010 + 110101001?
101010111
In base 14, what is 5 - -84ba2?
84ba7
In base 15, what is -ed9 + 4d9?
-a00
In base 14, what is -1c144 - 5?
-1c149
In base 2, what is 101011011011010011 + 1?
101011011011010100
In base 3, what is 10220210110 + 1022?
10220211202
In base 12, what is 749bb - -3?
74a02
In base 8, what is -453536 + 3?
-453533
In base 11, what is 3a4 + 67?
460
In base 2, what is 111011000001 - -1101100?
111100101101
In base 7, what is 31135 - 432?
30403
In base 2, what is 1100100 + -101010001?
-11101101
In base 5, what is -2 - -2034141?
2034134
In base 10, what is -6523 + 2?
-6521
In base 7, what is -1 - 25143?
-25144
In base 3, what is -21201022 + 2?
-21201020
In base 7, what is 30405 + -1040?
26335
In base 14, what is -602b - da?
-6127
In base 16, what is -134 + -46e?
-5a2
In base 9, what is 17 - 131781?
-131763
In base 14, what is -5 - 32321?
-32326
In base 7, what is 250213 - -114?
250330
In base 12, what is b6 + 32a4?
339a
In base 4, what is -2 + -112011322?
-112011330
In base 4, what is 2 - -113232122?
113232130
In base 4, what is 1 - 121110?
-121103
In base 8, what is 2 + 10063?
10065
In base 10, what is -6969 - -8?
-6961
In base 14, what is -13a + dba?
c80
In base 2, what is -10 + 1101100011?
1101100001
In base 14, what is 9d - 1ab?
-10c
In base 16, what is 2fb + 115?
410
In base 5, what is -243124 - 2?
-243131
In base 5, what is -100 + -213?
-313
In base 2, what is -11010001010 + -11011010?
-11101100100
In base 11, what is -1 + 861569?
861568
In base 14, what is -18 + a3c3?
a3a9
In base 11, what is 588 - -293?
870
In base 12, what is 5 + -87184?
-8717b
In base 9, what is 42 + 541?
583
In base 14, what is 4767 + 5b?
47c4
In base 6, what is 3143 - -1?
3144
In base 6, what is 120132515 - -5?
120132524
In base 10, what is 19076 + 30?
19106
In base 15, what is -4 - a09b5?
-a09b9
In base 12, what is -1aa1 - -22?
-1a7b
In base 11, what is 11106 - 27?
1108a
In base 7, what is 31 - 6603?
-6542
In base 12, what is -4b39 - -4?
-4b35
In base 12, what is -30573 - 1a?
-30591
In base 7, what is 1545 - 123?
1422
In base 4, what is 101230 + 3231?
111121
In base 7, what is 13410 + -1052?
12325
In base 16, what is -5d + -b25?
-b82
In base 3, what is 20100101 + 11000?
20111101
In base 11, what is 4 - 38aa30?
-38aa27
In base 6, what is 235551 + -3?
235544
In base 11, what is 652 - 843?
-1a1
In base 9, what is 463 + 341?
814
In base 7, what is -2 - 425652?
-425654
In base 5, what is -3 + 320411?
320403
In base 12, what is -22ab + 37?
-2274
In base 15, what is c - -8105?
8112
In base 8, what is -20 + -22147?
-22167
In base 5, what is -14224440 - -23?
-14224412
In base 2, what is -11 - 11001101111?
-11001110010
In base 13, what is 12080 - 9?
12074
In base 8, what is -371 + 26?
-343
In base 8, what is 4137 + -16?
4121
In base 11, what is -661a4 + -7?
-66200
In base 14, what is -2d97 + 9a?
-2cdb
In base 8, what is 2177 - 24?
2153
In base 6, what is -201435434 - 5?
-201435443
In base 7, what is 10664 + 10?
11004
In base 10, what is 48035 + -62?
47973
In base 14, what is 17 + -1047?
-1030
In base 13, what is 102c - -2c?
105b
In base 10, what is -1 - -80098?
80097
In base 2, what is 10 + -10110010110100?
-10110010110010
In base 12, what is 5 + 60a635?
60a63a
In base 14, what is 1 + 354d1?
354d2
In base 4, what is -22113 + -110120?
-132233
In base 5, what is -14240 + 201?
-14034
In base 3, what is -2222000100 + 2?
-2222000021
In base 9, what is 1533 + 1?
1534
In base 16, what is 1e44 + 3?
1e47
In base 16, what is -1566f + -5?
-15674
In base 3, what is -12 + -1121210020110?
-1121210020122
In base 4, what is -3313 - 23220?
-33133
In base 5, what is -21 - -232014?
231443
In base 2, what is -10 + 110010001100?
110010001010
In base 16, what is 2 - -59381?
59383
In base 13, what is -1001 - 14?
-1015
In base 8, what is 4 + 6653?
6657
In base 7, what is -1 - 15555?
-15556
In base 8, what is 1 - 22310?
-22307
In base 3, what is -1022002201 - -100?
-1022002101
In base 13, what is c23 - -40?
c63
In base 5, what is 30230122 + -1?
30230121
In base 11, what is -2096a7 - -5?
-2096a2
In base 12, what is -b0a5 - -57?
-b04a
In base 16, what is 3f6 + 7e?
474
In base 3, what is 1222011102 - -2022?
1222020201
In base 3, what is 102120002 - 2?
102120000
In base 10, what is -25325 + -8?
-25333
In base 14, what is 6a61b1 - 3?
6a61ac
In base 9, what is -84 - -144057?
143863
In base 10, what is 243718 - -3?
243721
In base 13, what is 1b356 - 1a?
1b339
In base 12, what is 6660 - -1a0?
6840
In base 2, what is 1001101010000 - 1001?
1001101000111
In base 7, what is 255332 + 5?
255340
In base 6, what is -2 - 1433031?
-1433033
In base 6, what is -21 + -144540?
-145001
In base 6, what is -302 + -124410?
-125112
In base 4, what is -11 - 213312?
-213323
In base 3, what is 100120221 - 2?
100120212
In base 5, what is -104410 + 13?
-104342
In base 8, what is -6544765 - -1?
-6544764
In base 4, what is 12221301 - 0?
12221301
In base 4, what is 3 - 2212012?
-2212003
In base 3, what is 10010202 - -1111?
10012020
In base 11, what is -60565 - 0?
-60565
In base 3, what is 12011 + 221112?
1010200
In base 10, what is 142950 - 5?
142945
In base 10, what is 0 - -151361?
151361
In base 16, what is -10d8 + 105?
-fd3
In base 16, what is 39768 + -5?
39763
In base 3, what is -2120100 - -120200?
-1222200
In base 2, what is 110100 - -10000100011111101?
10000100100110001
In base 8, what is 320716 - 2?
320714
In base 7, what is 65 +